 4*s - 13, 0 = -4*u - s - 11. Let w = u + 14. List the prime factors of w.
11
Let t = -9 - -2. Let d = 16 + t. List the prime factors of d.
3
Let q(y) = y**3 - 7*y**2 - 7*y + 1. Let w be q(8). Suppose -3*d + 75 = 3*a, 29 - w = 5*a. Suppose -5*n + d = -14. What are the prime factors of n?
7
Let v = 6 - 9. Let j be ((-6)/v + -1)/(-1). List the prime factors of (j/2)/((-1)/36).
2, 3
Let f = -336 - -599. List the prime factors of f.
263
Let b be (1*205)/(-1 - -2). Suppose 0 = 2*w + 10, 4*j - 2*w + w - b = 0. Suppose -2*s = -4*g - 48, 5*g - j = 2*s - 5*s. List the prime factors of s.
2, 5
Let v(w) = w - 3. Let b be v(6). Suppose 6*u = b*u + 24. Suppose 0 = 7*l - 3*l - u. What are the prime factors of l?
2
Suppose 9*s - 531 = -0*s. What are the prime factors of s?
59
Suppose 5*w - 2*w - 3*g = 261, -3*g + 194 = 2*w. Suppose -w = -5*p + 134. List the prime factors of p.
3, 5
Suppose 20*d + 164 = 21*d. What are the prime factors of d?
2, 41
List the prime factors of (-24)/(-40)*(2 - -18).
2, 3
Suppose 0 = 5*c + a + 62, -5*c + 10*c - 2*a = -56. Let d be (-8)/c + (-2)/(-6). What are the prime factors of ((-3)/d)/(1/(-5))?
3, 5
Let f = 828 + -557. What are the prime factors of f?
271
Suppose -4*c - 264 = -8*c. List the prime factors of c.
2, 3, 11
List the prime factors of 26*(-4 - 39/(-6)).
5, 13
Suppose 4*a + 240 - 640 = 0. Suppose 3*z + 4*h - 176 = 0, -2*z - 3*h + a = -17. List the prime factors of z/(-35)*(-6 + -1).
2, 3
Let l(v) = v**2 + 7*v + 6. Let g be l(-7). Let z = g - 3. Suppose k + z*k = 52. List the prime factors of k.
13
Let m(j) = j**2 - 2*j + 1. Let f be m(6). Suppose q - d - 20 = f, 4*q + 4*d - 220 = 0. Suppose q = 3*w + 2*w. What are the prime factors of w?
2, 5
Suppose 0 = 3*s - 3*y - 11 - 1, 14 = 3*s - y. Suppose -i = -2*x + 17, -s*i = -5*x + 13 + 22. List the prime factors of x.
2, 5
Let a(w) = -4*w. Let l be a(2). Let f(i) = i**2 + 5*i + 4. Let c be f(-4). List the prime factors of l/5*(-5 + c).
2
Suppose 15 + 11 = 2*l. Suppose -2*r + 33 = 4*p - l, -2*r + p + 41 = 0. What are the prime factors of r?
3, 7
Suppose 5*w = -z - 12, -w = -2*z + 3*w - 24. Let f = -8 - z. Let y = 6 - f. What are the prime factors of y?
2
Let s(x) = -2*x**3 - x**2 + 2*x + 4. What are the prime factors of s(-3)?
43
What are the prime factors of 0 - (1 + -1) - -183?
3, 61
Let v(h) = h + 2. Let f be v(-5). Let m be (2/5)/(f/15). List the prime factors of (-164)/(-16) - m/(-8).
2, 5
Let c = -5 + 3. Let f = 5 + c. What are the prime factors of f?
3
Let w be (-4 + 2 - 0) + 2. Suppose 5*t - 2*a + 100 = w, 0 + 63 = -4*t + 5*a. Let u = t + 32. List the prime factors of u.
2, 5
Suppose 3*z - 7*z - 56 = 0. Let c = -23 - z. What are the prime factors of (84/c)/((-4)/6)?
2, 7
Let p(k) = -k**3 + k**2 + k + 2. Let g be p(2). Let w be (-1 + 1 + g)/(-1). List the prime factors of (4 + w - 3)*3.
3
Suppose -5*u + 42 = -78. Let k be u/14*21/6. What are the prime factors of (-2)/k + (-224)/(-24)?
3
Suppose 5*h + n - 536 = -2*n, -h - 2*n + 103 = 0. What are the prime factors of h?
109
Suppose -w = -3 + 1. What are the prime factors of (-2)/w*5*-1?
5
Let b(k) = 113*k - 1. What are the prime factors of b(1)?
2, 7
Let m(j) = -7*j - 14. What are the prime factors of m(-3)?
7
Let r = -155 + 181. List the prime factors of r.
2, 13
Let o be 1 - ((1 - 3) + -1). Suppose 5 + o = 3*g. Suppose 10 = -f + g*f. What are the prime factors of f?
5
Let x(u) = -3*u. Let i be x(-9). Suppose 3*s + i - 5 = c, -2*s = 5*c - 59. List the prime factors of c.
13
Let j be (-1 - 1)/1 - 28. List the prime factors of (-89)/(-6) + (-5)/j.
3, 5
Suppose 3*q + q = 124. What are the prime factors of q?
31
Suppose 0 = 3*g - 4*n - 18, 0 = -4*g - 0*n + 3*n + 24. What are the prime factors of (-3)/(0 + g/(-4))?
2
Let d = 98 - 146. What are the prime factors of (-16)/d + (-172)/(-6)?
29
Let q(y) = y**2 + 7*y. List the prime factors of q(-9).
2, 3
Let h(n) = n**2 - n - 3. Let r be h(0). What are the prime factors of r/(3 + 207/(-66))?
2, 11
Let p(i) = -3*i**3 + 9*i**2 + 12*i - 10. Let y be 6/4*(-8)/(-6). Let u(a) = -a**3 + a - 1. Let z(w) = y*u(w) - p(w). List the prime factors of z(10).
2
Suppose -194 + 30 = -i. What are the prime factors of i?
2, 41
Let w(b) = -b**3 + b - 4. Let v be w(0). Let c = 12 + v. List the prime factors of c.
2
Suppose 0 = -t - 5*p + 121, -p = -t + 2*t - 117. What are the prime factors of t?
2, 29
Suppose 90 + 74 = 4*x. List the prime factors of x.
41
Let m = 23 + -15. What are the prime factors of (m*-1)/(3 - 5)?
2
Let r(w) = -w - 2*w - 3*w**2 - 4 + 5*w + w**3. Let u be r(4). Suppose u = 4*a + 2*b, -a = -3*b + b - 15. What are the prime factors of a?
7
Let j = -3 - -6. Let x(h) = 2*h**2 - 3*h - 2. Let r be x(j). Suppose -2*s = -r - 13. What are the prime factors of s?
2, 5
Let v = -4 + 6. Suppose -l + 18 = -o, -5*o + 0 = v*l - 1. List the prime factors of l.
13
Suppose 0 = -2*f + 6*f - 4*l - 452, -4*l + 214 = 2*f. What are the prime factors of f?
3, 37
Let z(c) = c**3 + 8*c**2 - c - 1. Let g be z(-8). Suppose -23 = -h + g. List the prime factors of h.
2, 3, 5
Let u(s) = 2*s - 3. Let z be u(-3). Let o = -5 - z. Suppose -o*x = x - 50. What are the prime factors of x?
2, 5
Suppose 5*p - m = 103, 4*p - 78 = -0*m + 3*m. What are the prime factors of p?
3, 7
Suppose 14 + 11 = 5*h. Suppose 3*u = 8*u + h*s - 30, 4 = -s. List the prime factors of u.
2, 5
Let x(z) = -z**3 - 5*z**2 - 3*z + 7. What are the prime factors of x(-5)?
2, 11
Let g = -8 - -17. Suppose 3*y - 42 = -g. What are the prime factors of y?
11
Let i(l) = l**3 + 7*l**2 - l - 5. Let w = 5 + -10. Let g be i(w). Suppose -2*s - 14 = -g. What are the prime factors of s?
2, 3
Suppose 5*o + 5*o = 250. List the prime factors of o.
5
Let d be 16/(-3)*18/(-8). Let o be (d/14)/((-1)/(-7)). Let b = 17 - o. List the prime factors of b.
11
Let q(v) be the first derivative of -v**3/3 - 3*v**2 + 5*v - 1. List the prime factors of q(-5).
2, 5
Let j(c) = 14*c - 11. Let w(h) = -5*h + 4. Let s(a) = 3*j(a) + 8*w(a). What are the prime factors of s(5)?
3
Let l = -10 - -14. Suppose l*h = -4 + 40. List the prime factors of h.
3
Let a(k) = -2*k. Let y be a(-7). Let z = y - 6. List the prime factors of z.
2
Let u(i) = 2*i - 6. Suppose 5*k = -4*q + 2*q + 41, 3*q = 2*k - 24. Let j be u(k). What are the prime factors of ((-16)/3)/((-4)/j)?
2
List the prime factors of 3/(-15) - 5328/(-15).
5, 71
Let k(o) = -o**3 + 7*o**2 + 3. Let m be k(6). Suppose 5*z - 2*l = -6*l + 57, -m = -4*z - l. What are the prime factors of z?
3
Let c be 1/((-15)/6 - -3). Suppose -13 - 9 = -c*h. List the prime factors of h.
11
Let f be -1*(-2)/2 + 2. Suppose f*q = -0*q. Let n(o) = o + 7. What are the prime factors of n(q)?
7
Suppose -d = -0*d + 4*n + 17, -n - 5 = 0. Let s be 1 - 3 - d*-2. Let i = 4 + s. What are the prime factors of i?
2
Suppose 2*p + 18 = 5*i, -13 = 2*p + p - 4*i. What are the prime factors of 0 + -2 - (-5 - p)?
2
Let w = 3 + -2. Let r(n) = 2*n**3 + 3*n**2 - 1. Let m be r(-2). Let q = w - m. List the prime factors of q.
2, 3
Let h(v) = -v + 101. List the prime factors of h(17).
2, 3, 7
Suppose 2*z + 11 = 5*q, z - 3 = -4*q - 2. Let m(a) = -a**3 - a**2 + 5*a + 3. What are the prime factors of m(z)?
2, 3
Suppose -3*z = -5*p + 172, -p - p = 5*z - 75. Let v = 79 - p. List the prime factors of v.
2, 11
Suppose 0*w = -w - 2*j + 11, -24 = -3*w - 3*j. Suppose 0 = w*s - 3*s. Let c(x) = x + 18. List the prime factors of c(s).
2, 3
Suppose 0 = 2*f - 14 + 4, 4*y - 4*f = 8. What are the prime factors of y?
7
What are the prime factors of (-127)/(-2) - 12/(-8)?
5, 13
Let d = 11 + 49. Let h(w) = 2*w**2 - w. Let u be h(2). Suppose i = u*i - d. What are the prime factors of i?
2, 3
Suppose 0 = v - i - 127, -4*v = i + 3*i - 548. List the prime factors of v.
2, 3, 11
Suppose 11*v - 1494 - 1003 = 0. List the prime factors of v.
227
Suppose -18*x + 17*x + 28 = 0. List the prime factors of x.
2, 7
Suppose -2*d = -5*c - 55, -2*c - 12 = -3*c + 5*d. Let w = 22 + c. List the prime factors of w.
3
Let c = -10 - 1. Let n = -18 - c. Let x = -4 - n. List the prime factors of x.
3
List the prime factors of (6*222/45)/((-3)/(-15)).
2, 37
Suppose -b = s - 131, 3*b - 2*s + 84 = 467. What are the prime factors of b?
3, 43
Suppose -5*o = -o. Suppose l - 4*l + 5*c + 32 = 0, -l + 5*c + 24 = 0. Suppose -5*m = -